{"id":1166,"date":"2018-10-12T12:47:22","date_gmt":"2018-10-12T12:47:22","guid":{"rendered":"https:\/\/eebg.cat\/?page_id=1166"},"modified":"2025-03-07T17:47:12","modified_gmt":"2025-03-07T16:47:12","slug":"el-proyecto","status":"publish","type":"page","link":"https:\/\/eebg.cat\/es\/vce\/el-proyecto\/","title":{"rendered":"El proyecto"},"content":{"rendered":"<p><img loading=\"lazy\" decoding=\"async\" class=\"alignnone wp-image-1238 aligncenter\" style=\"border: 0;\" src=\"https:\/\/eebg.cat\/wp-content\/uploads\/Marc_Fargas_Compte-221x300.png\" alt=\"\" width=\"180\" height=\"244\" srcset=\"https:\/\/eebg.cat\/wp-content\/uploads\/Marc_Fargas_Compte-221x300.png 221w, https:\/\/eebg.cat\/wp-content\/uploads\/Marc_Fargas_Compte-147x200.png 147w, https:\/\/eebg.cat\/wp-content\/uploads\/Marc_Fargas_Compte.png 691w\" sizes=\"auto, (max-width: 180px) 100vw, 180px\" \/><\/p>\n<p><em>\u00a0<\/em><\/p>\n<p>La Videoteca Cultural Evang\u00e9lica (VCE) es un proyecto, un sue\u00f1o, una ilusi\u00f3n y cientos de horas de trabajo y esfuerzo que podemos y debemos encarnar perfectamente en una persona, Marc Fargas Compte, el verdadero timonel y hacedor que gracias a su fe y su tes\u00f3n diario hizo de VCE lo que es hoy, una fuente de inspiraci\u00f3n y de ayuda para cientos de personas en todo el mundo.<\/p>\n<p>Todos hemos tenido seres queridos que tarde o temprano se han ido de este mundo. Todos hemos sentido esa ausencia, ese vac\u00edo, ese dolor en lo m\u00e1s profundo del alma. Pero hay personas que adem\u00e1s de hacerse sentir en el \u00e1mbito puramente familiar han dejado una huella permanente e imperecedera en un gran entorno muy dif\u00edcil de dimensionar y cuantificar.<\/p>\n<p>En la madrugada del 9 de Septiembre de 2009, Marc inici\u00f3 ese viaje con el que tantas veces so\u00f1\u00f3, ese viaje que para muchos es lo desconocido, lleno de temor y oscuridad, y que para otros es la culminaci\u00f3n de una fe vivida, un viaje rebosante de luz y esperanza&#8230; esperanza en la vida eterna.<\/p>\n<p>Todos echaremos en falta su saber estar, su saber escuchar, y por encima de todo, su saber amar. No obstante, nos deja entre otras muchas cosas, un imponente proyecto que \u00e9l hizo realidad, VCE, y esa realidad seguir\u00e1 su andadura en la medida de lo posible y en la humildad de los que quedamos aqu\u00ed, gracias sobre todo a la siembra que \u00e9l realiz\u00f3 durante gran parte de su vida.<\/p>\n<p><strong><em>\u00abVivimos en el mundo cuando amamos. S\u00f3lo una vida vivida para los dem\u00e1s merece la pena ser vivida\u00bb<\/em><\/strong><br \/>\n<em>Albert Einstein<\/em><\/p>\n<p><em>Xavier Fargas<\/em><br \/>\n<em>Departamento T\u00e9cnico 1982-2007<\/em><br \/>\n<em>Videoteca Cultural Evang\u00e9lica<\/em><\/p>\n","protected":false},"excerpt":{"rendered":"<p>\u00a0 La Videoteca Cultural Evang\u00e9lica (VCE) es un proyecto, un sue\u00f1o, una ilusi\u00f3n y cientos de horas de trabajo y esfuerzo que podemos y debemos encarnar perfectamente en una persona, &hellip;<\/p>\n","protected":false},"author":1,"featured_media":0,"parent":782,"menu_order":0,"comment_status":"closed","ping_status":"closed","template":"","meta":{"footnotes":""},"class_list":["post-1166","page","type-page","status-publish","hentry"],"translation":{"provider":"WPGlobus","version":"3.0.2","language":"es","enabled_languages":["ca","es"],"languages":{"ca":{"title":true,"content":true,"excerpt":false},"es":{"title":false,"content":false,"excerpt":false}}},"_links":{"self":[{"href":"https:\/\/eebg.cat\/es\/wp-json\/wp\/v2\/pages\/1166","targetHints":{"allow":["GET"]}}],"collection":[{"href":"https:\/\/eebg.cat\/es\/wp-json\/wp\/v2\/pages"}],"about":[{"href":"https:\/\/eebg.cat\/es\/wp-json\/wp\/v2\/types\/page"}],"author":[{"embeddable":true,"href":"https:\/\/eebg.cat\/es\/wp-json\/wp\/v2\/users\/1"}],"replies":[{"embeddable":true,"href":"https:\/\/eebg.cat\/es\/wp-json\/wp\/v2\/comments?post=1166"}],"version-history":[{"count":3,"href":"https:\/\/eebg.cat\/es\/wp-json\/wp\/v2\/pages\/1166\/revisions"}],"predecessor-version":[{"id":14175,"href":"https:\/\/eebg.cat\/es\/wp-json\/wp\/v2\/pages\/1166\/revisions\/14175"}],"up":[{"embeddable":true,"href":"https:\/\/eebg.cat\/es\/wp-json\/wp\/v2\/pages\/782"}],"wp:attachment":[{"href":"https:\/\/eebg.cat\/es\/wp-json\/wp\/v2\/media?parent=1166"}],"curies":[{"name":"wp","href":"https:\/\/api.w.org\/{rel}","templated":true}]}}

<p><img loading="lazy" decoding="async" class="alignnone wp-image-1238 aligncenter" style="border: 0;" src="https://eebg.cat/wp-content/uploads/Marc_Fargas_Compte-221x300.png" alt="" width="180" height="244" srcset="https://eebg.cat/wp-content/uploads/Marc_Fargas_Compte-221x300.png 221w, https://eebg.cat/wp-content/uploads/Marc_Fargas_Compte-147x200.png 147w, https://eebg.cat/wp-content/uploads/Marc_Fargas_Compte.png 691w" sizes="auto, (max-width: 180px) 100vw, 180px" /></p>
<p><em> </em></p>
<p>La Videoteca Cultural Evangélica (VCE) es un proyecto, un sueño, una ilusión y cientos de horas de trabajo y esfuerzo que podemos y debemos encarnar perfectamente en una persona, Marc Fargas Compte, el verdadero timonel y hacedor que gracias a su fe y su tesón diario hizo de VCE lo que es hoy, una fuente de inspiración y de ayuda para cientos de personas en todo el mundo.</p>
<p>Todos hemos tenido seres queridos que tarde o temprano se han ido de este mundo. Todos hemos sentido esa ausencia, ese vacío, ese dolor en lo más profundo del alma. Pero hay personas que además de hacerse sentir en el ámbito puramente familiar han dejado una huella permanente e imperecedera en un gran entorno muy difícil de dimensionar y cuantificar.</p>
<p>En la madrugada del 9 de Septiembre de 2009, Marc inició ese viaje con el que tantas veces soñó, ese viaje que para muchos es lo desconocido, lleno de temor y oscuridad, y que para otros es la culminación de una fe vivida, un viaje rebosante de luz y esperanza&#8230; esperanza en la vida eterna.</p>
<p>Todos echaremos en falta su saber estar, su saber escuchar, y por encima de todo, su saber amar. No obstante, nos deja entre otras muchas cosas, un imponente proyecto que él hizo realidad, VCE, y esa realidad seguirá su andadura en la medida de lo posible y en la humildad de los que quedamos aquí, gracias sobre todo a la siembra que él realizó durante gran parte de su vida.</p>
<p><strong><em>«Vivimos en el mundo cuando amamos. Sólo una vida vivida para los demás merece la pena ser vivida»</em></strong><br />
<em>Albert Einstein</em></p>
<p><em>Xavier Fargas</em><br />
<em>Departamento Técnico 1982-2007</em><br />
<em>Videoteca Cultural Evangélica</em></p>

<p>  La Videoteca Cultural Evangélica (VCE) es un proyecto, un sueño, una ilusión y cientos de horas de trabajo y esfuerzo que podemos y debemos encarnar perfectamente en una persona, &hellip;</p>
